ctor of 27297?
False
Is 86 a multiple of 5?
False
Is 14 a factor of 1218?
True
Is 177 a multiple of 16?
False
Is 173618 a multiple of 207?
False
Is 4 a factor of 724?
True
Does 263 divide 34103?
False
Is 88 a factor of 7304?
True
Is 5859 a multiple of 21?
True
Is 386 a multiple of 3?
False
Is 1758 a multiple of 34?
False
Is 3 a factor of 216?
True
Is 23091 a multiple of 11?
False
Is 16 a factor of 1236?
False
Is 9847 a multiple of 31?
False
Is 960 a multiple of 5?
True
Does 5 divide 265?
True
Is 756 a multiple of 64?
False
Is 522 a multiple of 8?
False
Is 2030 a multiple of 35?
True
Is 33 a factor of 396?
True
Is 882 a multiple of 18?
True
Is 43 a factor of 5517?
False
Is 845 a multiple of 65?
True
Is 20 a factor of 4660?
True
Does 56 divide 7056?
True
Is 37 a factor of 16502?
True
Does 45 divide 822?
False
Is 27 a factor of 6078?
False
Does 97 divide 32835?
False
Is 30890 a multiple of 21?
False
Is 7 a factor of 47988?
False
Is 23 a factor of 23092?
True
Is 24487 a multiple of 263?
False
Is 89 a factor of 652?
False
Is 331 a multiple of 11?
False
Is 3 a factor of 2574?
True
Does 24 divide 240?
True
Does 22 divide 7370?
True
Does 9 divide 243?
True
Is 18 a factor of 30446?
False
Is 7 a factor of 952?
True
Is 1743 a multiple of 38?
False
Is 1370 a multiple of 37?
False
Is 39 a factor of 1404?
True
Does 125 divide 2500?
True
Is 360 a multiple of 72?
True
Does 13 divide 2660?
False
Does 108 divide 2052?
True
Is 1093 a multiple of 4?
False
Is 9 a factor of 7076?
False
Is 7451 a multiple of 17?
False
Is 1036 a multiple of 7?
True
Is 8217 a multiple of 99?
True
Is 237 a multiple of 3?
True
Does 11 divide 21795?
False
Does 8 divide 435?
False
Is 117 a factor of 2832?
False
Is 1277 a multiple of 14?
False
Is 9543 a multiple of 26?
False
Is 1667 a multiple of 18?
False
Is 16 a factor of 3616?
True
Is 28 a factor of 3759?
False
Is 414 a multiple of 16?
False
Is 5450 a multiple of 5?
True
Is 6 a factor of 666?
True
Is 24 a factor of 2447?
False
Is 8 a factor of 10212?
False
Does 145 divide 4114?
False
Does 103 divide 2604?
False
Does 48 divide 13802?
False
Is 80 a factor of 320?
True
Does 28 divide 12404?
True
Is 739 a multiple of 45?
False
Does 34 divide 2856?
True
Is 1828 a multiple of 127?
False
Is 21 a factor of 1365?
True
Does 16 divide 947?
False
Does 14 divide 302?
False
Is 3588 a multiple of 3?
True
Is 3770 a multiple of 26?
True
Is 2420 a multiple of 22?
True
Does 24 divide 17411?
False
Is 19 a factor of 779?
True
Is 18004 a multiple of 79?
False
Is 64 a factor of 19941?
False
Does 4 divide 59?
False
Is 5 a factor of 595?
True
Is 11 a factor of 10928?
False
Does 99 divide 2904?
False
Is 1547 a multiple of 119?
True
Is 190 a factor of 55383?
False
Is 255 a multiple of 10?
False
Is 21 a factor of 2256?
False
Is 620 a multiple of 25?
False
Does 10 divide 4350?
True
Is 18 a factor of 882?
True
Does 20 divide 6829?
False
Is 5805 a multiple of 135?
True
Is 8 a factor of 5507?
False
Does 33 divide 5600?
False
Does 120 divide 1200?
True
Is 5600 a multiple of 16?
True
Does 6 divide 4182?
True
Does 27 divide 1431?
True
Is 756 a multiple of 28?
True
Is 6 a factor of 17196?
True
Is 10 a factor of 12080?
True
Is 15 a factor of 6122?
False
Is 126 a factor of 15172?
False
Does 111 divide 3998?
False
Does 44 divide 1044?
False
Does 21 divide 766?
False
Is 8 a factor of 306?
False
Is 38 a factor of 9234?
True
Does 34 divide 14786?
False
Is 8631 a multiple of 4?
False
Is 539 a multiple of 14?
False
Is 3021 a multiple of 159?
True
Is 459 a multiple of 14?
False
Is 13 a factor of 871?
True
Does 130 divide 910?
True
Does 51 divide 3672?
True
Does 3 divide 158?
False
Is 2068 a multiple of 82?
False
Is 200 a multiple of 5?
True
Does 70 divide 1890?
True
Does 5 divide 260?
True
Is 17 a factor of 544?
True
Does 16 divide 960?
True
Does 165 divide 4778?
False
Is 417 a multiple of 16?
False
Is 70587 a multiple of 279?
True
Does 24 divide 775?
False
Is 1182 a multiple of 3?
True
Is 1176 a multiple of 56?
True
Is 45 a factor of 891?
False
Does 9 divide 1592?
False
Is 92 a factor of 13064?
True
Is 3 a factor of 123?
True
Is 32 a factor of 51?
False
Does 24 divide 57?
False
Does 33 divide 446?
False
Is 15 a factor of 2895?
True
Does 97 divide 7568?
False
Does 15 divide 10695?
True
Is 10 a factor of 1143?
False
Is 106 a factor of 1057?
False
Does 204 divide 13056?
True
Is 891 a multiple of 27?
True
Does 6 divide 948?
True
Does 28 divide 2884?
True
Does 19 divide 1558?
True
Is 481 a multiple of 37?
True
Is 27 a factor of 162?
True
Does 24 divide 27576?
True
Is 45 a factor of 50355?
True
Is 38 a factor of 545?
False
Is 25 a factor of 44679?
False
Is 48 a multiple of 6?
True
Is 980 a multiple of 14?
True
Is 41 a factor of 13611?
False
Is 336 a multiple of 28?
True
Is 144 a multiple of 18?
True
Is 10 a factor of 17445?
False
Is 306 a multiple of 15?
False
Does 101 divide 11200?
False
Is 4557 a multiple of 21?
True
Does 9 divide 3042?
True
Is 5746 a multiple of 17?
True
Is 4845 a multiple of 95?
True
Is 24265 a multiple of 211?
True
Is 13227 a multiple of 22?
False
Is 17 a factor of 13311?
True
Is 5 a factor of 588?
False
Is 506 a multiple of 12?
False
Is 147 a multiple of 7?
True
Is 8 a factor of 9600?
True
Does 27 divide 2619?
True
Is 967 a multiple of 3?
False
Is 28416 a multiple of 96?
True
Does 5 divide 1211?
False
Is 8377 a multiple of 5?
False
Does 10 divide 48868?
False
Does 21 divide 63?
True
Does 8 divide 90?
False
Is 15924 a multiple of 12?
True
Is 59750 a multiple of 15?
False
Is 41 a factor of 1340?
False
Is 6 a factor of 86729?
False
Does 8 divide 12992?
True
Does 37 divide 228?
False
Is 22946 a multiple of 11?
True
Is 221 a multiple of 13?
True
Is 6647 a multiple of 11?
False
Does 10 divide 5100?
True
Does 42 divide 3455?
False
Is 3990 a multiple of 105?
True
Does 8 divide 592?
True
Is 46 a factor of 12512?
True
Is 1305 a multiple of 5?
True
Does 16 divide 3648?
True
Is 936 a multiple of 8?
True
Is 4902 a multiple of 114?
True
Is 1224 a multiple of 36?
True
Does 14 divide 3264?
False
Is 113 a factor of 9034?
False
Is 24 a factor of 905?
False
Is 4226 a multiple of 42?
False
Is 5 a factor of 811?
False
Is 46 a factor of 4287?
False
Is 130 a factor of 925?
False
Is 97 a factor of 1067?
True
Is 5 a factor of 7730?
True
Is 36 a factor of 1075?
False
Does 6 divide 393?
False
Is 36977 a multiple of 24?
False
Does 4 divide 7041?
False
Is 13455 a multiple of 117?
True
Is 12 a factor of 336?
True
Is 19 a factor of 77159?
True
Does 89 divide 890?
True
Does 23 divide 2054?
False
Is 88 a factor of 2005?
False
Is 19152 a multiple of 84?
True
Is 9152 a multiple of 11?
True
Is 23144 a multiple of 11?
True
Is 4275 a multiple of 45?
True
Does 31 divide 29712?
False
Is 44 a factor of 308?
True
Does 5 divide 810?
True
Does 31 divide 3271?
False
Is 1200 a multiple of 30?
True
Is 59033 a multiple of 258?
False
Is 897 a multiple of 16?
False
Is 12184 a multiple of 7?
False
Is 1216 a multiple of 103?
False
Does 38 divide 21356?
True
Is 17074 a multiple of 92?
False
Is 25696 a multiple of 16?
True
Is 630 a multiple of 35?
True
Is 324 a multiple of 18?
True
Is 1176 a multiple of 6?
True
Is 11 a factor of 5079?
False
Is 138 a factor of 67758?
True
Is 10778 a multiple of 17?
True
Does 13 divide 47?
False
Is 56062 a multiple of 37?
False
Does 29 divide 59015?
True
Does 69 divide 68724?
True
Is 27 a factor of 1333?
False
Is 4004 a multiple of 77?
True
Does 6 divide 513?
False
Is 2272 a multiple of 16?
True
Does 91 divide 29575?
True
Is 864 a multiple of 36?
True
Does 8 divide 32128?
True
Does 76 divide 1292?
True
Does 168 divide 7730?
False
Does 13 divide 598?
True
Is 5800 a multiple of 50?
True
Does 178 divide 25227?
False
Is 4 a factor of 110?
False
Is 463 a factor of 52147?
False
Does 18 divide 5684?
False
Is 27699 a multiple of 21?
True
Is 1280 a multiple of 10?
True
Does 3 divide 106?
False
Does 35 divide 384?
False
Is 810 a multiple of 54?
True
Is 26 a factor of 650?
True
Is 3048 a multiple of 8?
True
Is 40 a factor of 1600?
True
Does 82 divide 5835?
False
Is 8643 a multiple of 10?
False
Does 3 divide 61?
False
Does 3 divide 1062?
True
Does 25 divide 2775?
True
Is 1450 a multiple of 51?
False
Is 9100 a multiple of 130?
True
Is 11 a factor of 396?
True
Is 14 a factor of 1205?
False
Is 